 + 3 = -h - 3*p. What is the remainder when 20 is divided by h?
2
Suppose 4 - 22 = -2*t + p, -2*t + 2*p = -20. Suppose 20 = 4*o, m - 3*m = o - 67. What is the remainder when m is divided by t?
7
Suppose 3*u - 108 = 24. Calculate the remainder when u is divided by 13.
5
Suppose u = 5*c - 53, -5*c - 2*u + 32 + 12 = 0. Suppose y + 1 = c. What is the remainder when 33 is divided by y?
6
Let n(p) = -p**3 + 7*p**2 + 7. What is the remainder when 19 is divided by n(7)?
5
Suppose -4*f = -1 - 27. Calculate the remainder when 17 is divided by f.
3
Suppose 5*h + 150 = 5*z, 2*z + 5*h = -2*z + 120. Calculate the remainder when 50 is divided by z.
20
Let j(s) = -s**2 + 6*s. Let o be j(7). Let z(a) = -a**3 - 7*a**2 - 2*a - 1. Calculate the remainder when z(o) is divided by 5.
3
Suppose 2*u - 10 = 0, -2*f = 3*u - 52 - 19. Let n = 106 + -62. Suppose 3*g = 6*g - 2*y - 22, y - n = -4*g. Calculate the remainder when f is divided by g.
8
What is the remainder when (2584/(-26))/(-4) - 10/(-65) is divided by 5?
0
Suppose -4 + 1 = -j. Suppose -2*m - 2*m = -2*i + 116, -199 = -4*i - j*m. Calculate the remainder when i is divided by 14.
10
Let m = -11 - -18. Suppose 3*t - k + 3 = 2*k, -5*k + 21 = 3*t. Suppose 57 = t*b + b. Calculate the remainder when b is divided by m.
5
Suppose -5 = z - 10. Suppose -5*n + 70 = -4*i, -z*i - 2 - 13 = n. What is the remainder when 18 is divided by n?
8
Suppose 16 = 2*y - 6. Let o = y + -7. What is the remainder when o is divided by 2?
0
Let f(j) be the first derivative of -j**4/4 - 2*j**3 - 4*j**2 - 3*j - 3. Calculate the remainder when 47 is divided by f(-5).
11
Suppose 5*i + 3*f = 117, -13 = -3*i - f + 54. Calculate the remainder when i is divided by 12.
9
Let s(r) = 2*r**2 + r - 4. Calculate the remainder when s(3) is divided by 2/9 - (-260)/45.
5
Suppose -5*d - 2*s = -235, 3*s + 107 = 4*d - 104. Calculate the remainder when d is divided by ((-3)/((-9)/6))/((-16)/(-104)).
10
Suppose -2*n - 30 = -7*n. Let y be 30*1*n/15. What is the remainder when 29 is divided by 2/1 + y/2?
5
Let q be 6/(-21) - 332/14. What is the remainder when 10 is divided by 3/2*q/(-9)?
2
Suppose 0*a = 2*a - 3*v + 18, 0 = 3*v. Let w(q) = -q**2 - 11*q - 4. Calculate the remainder when 55 is divided by w(a).
13
Let b(f) = 20*f + 3. Let o be b(-2). Let g = -16 - o. Let u(n) = -3*n + 2. What is the remainder when g is divided by u(-3)?
10
Let l = 13 + -8. Let g(m) = 3*m - 1. What is the remainder when l is divided by g(1)?
1
Calculate the remainder when 15 is divided by 3/(25/(-15) + 2).
6
What is the remainder when 40 is divided by (-12)/(-4)*-1*(-7 + 2)?
10
Let v be (-6)/21 - 724/14. Let x = -36 - v. Suppose 0 = -3*a - 15, 0 = -c - 0*c + 4*a + 26. What is the remainder when x is divided by c?
4
Suppose -3*y + 0*y = 63. Calculate the remainder when 30 is divided by ((-6)/5)/(y/140).
6
Let s be (2/4)/(2/648). Let k = s + -102. Calculate the remainder when k is divided by 21.
18
Suppose -2*y + 5 + 29 = 0. Suppose -s + 0*s = -49. What is the remainder when s is divided by y?
15
What is the remainder when 47 is divided by (-315)/(-18) + (-3)/2?
15
Suppose -12*k + 2*k + 110 = 0. What is the remainder when 42 is divided by k?
9
Calculate the remainder when -86*1*(-5)/10 is divided by 22.
21
Suppose 3*b - 43 = 14. Suppose 4*r - 9 = b. What is the remainder when r is divided by 3?
1
Suppose 3*q + 5*j - 2 = 0, 0*q + 26 = 4*q - 5*j. Suppose q*k - 5*z = 80, 4*k + 0*z - 88 = 3*z. What is the remainder when k is divided by 9?
7
Let v = -11 + 16. Let a(g) = g**2 + 5*g + 8. Let y be ((-24)/5)/4*5. Calculate the remainder when a(y) is divided by v.
4
Suppose -330 = -82*a + 76*a. What is the remainder when a is divided by 14?
13
Suppose 0 = -b, 0 = 3*t + 3*b - 8 - 4. Suppose -3*u = -17 - 16. Calculate the remainder when u is divided by t.
3
Suppose 3*z - 2*z = 52. Calculate the remainder when z is divided by 6.
4
Let f = 21 + 34. Calculate the remainder when f is divided by 28.
27
Suppose 0 = 5*g - 44 - 61. Suppose u + g = 2*u. Suppose -4*m - 22 = -6*m. Calculate the remainder when u is divided by m.
10
Let t(z) be the third derivative of -z**6/120 + 7*z**5/60 + 11*z**4/24 + z**3/6 - 4*z**2. Calculate the remainder when t(8) is divided by 7.
4
Let l(k) = -4*k. Calculate the remainder when -4*(0 + (-30)/4) is divided by l(-4).
14
Let g = -10 + 30. Let m(y) = -y**3 + 8*y**2 - 4*y + 3. What is the remainder when m(5) is divided by g?
18
Let p(u) = u**2 + 9*u - 7. Let o = -14 - -3. Calculate the remainder when 28 is divided by p(o).
13
Let t(z) = 3*z - 7. Let k(a) = a + 4. Let r be k(0). What is the remainder when t(6) is divided by r*2*(-2)/(-4)?
3
Let o(y) = 5*y - 2*y + 1 + 0 - 2 + 8*y**2. Let c be o(2). Let s = -24 + c. Calculate the remainder when 36 is divided by s.
10
Let c = -5 + 1. Let i(p) = p + 4. Let r be i(c). Let v(m) = -m**3 + m**2 - m + 11. Calculate the remainder when 20 is divided by v(r).
9
Let z(k) = 4*k - 15*k + 8*k + 1. Calculate the remainder when z(-2) is divided by 2.
1
Let l(b) = 2*b**2 - 9*b + 13. Calculate the remainder when 70 is divided by l(5).
16
Suppose 4*t - 75 = -15. Let s = t - 9. Calculate the remainder when 23 is divided by s.
5
Let p = 1 + 23. Let k = p + -17. Calculate the remainder when 13 is divided by k.
6
Suppose 5*p - 61 - 44 = 0. Suppose 0 = -2*l + 5*l. Suppose c + l*c = 6. What is the remainder when p is divided by c?
3
Let z(i) = -7*i + 1. Let s be z(-1). Suppose 4*t + 20 = s*t. Suppose 0 = -o + t + 4. What is the remainder when 16 is divided by o?
7
Let b be 15/5*(-14)/6. Let m be (-2)/b + (-33)/(-7). Suppose -2*j + j = -m. What is the remainder when 13 is divided by j?
3
Let b = -57 + 103. What is the remainder when b is divided by 24?
22
Let l = -149 + 212. Calculate the remainder when l is divided by 17.
12
Let l be (-34)/(-6) + 10/(-15). Let u = l + 6. Calculate the remainder when u is divided by 4.
3
Let q(y) = -y**3 + 6*y**2 + 9*y - 7. Suppose 3*i + 5*a - 32 = 0, i = -2*i + a + 62. What is the remainder when i is divided by q(7)?
5
Suppose 27 = 2*t + 3*y, -28 = -3*t - 0*t - 2*y. Suppose -56 = -5*c - 3*a + 66, 0 = c - 4*a - t. Let i = 0 + c. What is the remainder when i is divided by 8?
6
Let k be 8/(-2) + 29 + 11. Let r = -19 + k. Calculate the remainder when 31 is divided by r.
14
Let s(x) = 6*x - 1. Suppose 128 = -18*c + 22*c. Calculate the remainder when c is divided by s(2).
10
Let h(c) = 3*c**2 - c + 2. Calculate the remainder when h(-2) is divided by 6.
4
Let m be 1*((3 - 6) + 1). What is the remainder when 13 is divided by (-414)/(-99) - m/(-11)?
1
Let b = -3 - -5. Let i be (-4)/(4/25) + b. What is the remainder when i/((-1)/(-2) + -1) is divided by 16?
14
Calculate the remainder when 2/6 - 286/(-6) is divided by 25.
23
Let t be (-13)/(-3)*(-4 - -7). Let r = 17 - t. What is the remainder when r is divided by 3?
1
Suppose -2*k + 99 = k. Let i(m) = -3*m - 6. What is the remainder when i(-9) is divided by (-6)/(-9)*k/2?
10
Let n = 11 - 10. Calculate the remainder when 3 is divided by (n - -1) + 0/(-2).
1
Suppose 0 = u - c + 2*c - 8, 3*u - c = 24. Let l = 33 - 19. What is the remainder when l is divided by u?
6
Suppose -z = -2 + 1. Let y(w) = 17*w. What is the remainder when 33 is divided by y(z)?
16
Suppose 0 = -v - 5*k - 4, 2*v - 48 = -v + 5*k. Calculate the remainder when 36 is divided by v.
3
Let c = 1 - -2. What is the remainder when ((-30)/(-90))/((-3)/(-72)) is divided by c?
2
Suppose -2*u + 24 = 2*u. Suppose 4*o = 3*y + 236, o + 306 = u*o - y. Suppose 5*i - o - 38 = 0. Calculate the remainder when i is divided by 11.
9
Suppose -3*s = -s + l - 68, -s = 4*l - 27. Suppose o - 21 = a + s, -a = o - 66. What is the remainder when o is divided by 21?
19
Let q(p) be the first derivative of 7*p**4/4 - p - 3. Let f be q(1). What is the remainder when f/(-21) - (-354)/14 is divided by 7?
4
Let m(j) = -4*j + 3*j**2 - 4*j + 9*j. Calculate the remainder when 47 is divided by m(-2).
7
Suppose -5*h = -5*i - 19 - 16, -5*h + i + 35 = 0. Calculate the remainder when 14 is divided by h.
0
Let h = 7 + -4. What is the remainder when (-3)/((-27)/114)*h is divided by 13?
12
Suppose -d + 2 + 1 = 0. Let b = -11 + 15. Calculate the remainder when b is divided by (1 + -1 + 1)*d.
1
Let i(g) = 4 + 0*g + 2*g - 4*g. Suppose -76 = -3*r + 5. Calculate 